+ 2 - 7) + 1?
5
What is 7 - (20 + (4 - 14))?
-3
What is the value of (-12 - -3 - -5) + 4?
0
Evaluate -2 - (1 + -1 - 5) - -3.
6
Calculate 4 + 8 + (8 - 26).
-6
What is the value of -1 + (-5 - -6) + 5?
5
(0 - 0) + (-17 - (14 - 29))
-2
-5 - (-1 - 13) - 6
3
-5 + (0 - (3 - 6 - -1))
-3
Calculate 9 - ((4 - -5) + -4).
4
(-2 - -5) + -11 - -5
-3
Evaluate -8 - (-1 + (-2 - 1)) - -9.
5
Evaluate 1 + 6 + -15 + (10 - 1).
1
5 - -1 - (4 - -1)
1
What is the value of 2 - 0 - (-35 + 30)?
7
What is 1 - 2 - (3 - 2)?
-2
What is 8 + (-14 - -3) - 4?
-7
What is the value of 1 - (5 + 4 + -1 + -3)?
-4
What is 1 + (-1 - -2) + (0 - -1)?
3
What is the value of 0 + (-9 - (-5 + 2))?
-6
Evaluate (2 - -3) + -2 + (-7 - -4).
0
Calculate 4 + (-6 - (-5 - -3)) - 5.
-5
(-2 - -1 - -3) + 8 + -13
-3
What is -1 - -7 - (59 + -59)?
6
What is -10 - (-5 + 1) - (3 + -4)?
-5
(0 - 5) + -4 - (-1 - 3)
-5
What is the value of (-33 - -50) + (2 - 11)?
8
Calculate 4 + (-8 - (0 - (5 - 2))).
-1
Calculate -4 - (-4 + 4 - (4 - 1)).
-1
6 + -1 + (74 - 73)
6
What is the value of -3 + 2 + 7 + 14 + -15?
5
What is the value of -3 + 7 + -8 + 12?
8
Evaluate (-1 - 1) + (-20 - -20).
-2
Evaluate -3 + -2 + 10 + 2.
7
What is 1 + (4 - 9) + 12?
8
Calculate 9 + -17 + (9 - 5).
-4
1 + (-10 - -5 - -5)
1
51 - 58 - (1 + (1 - 19))
10
Evaluate (-15 - -7) + 6 + -6 + 2.
-6
Calculate 3 + -7 + 11 + -5.
2
What is -4 + -2 + (0 - -3)?
-3
Calculate -2 + -3 - (-8 + 8).
-5
What is the value of 3 + 7 + -8 + -5?
-3
(-9 + 5 - -4) + 0 + 6
6
Calculate -6 - (3 - -3) - -3.
-9
Evaluate 1 + -9 - (-2 - 1).
-5
What is -1 + 8 + 0 + -5?
2
(8 - 11) + -5 + 4
-4
4 + -4 - (1 + -2)
1
Evaluate -10 + 8 + -6 + (0 - -4).
-4
Evaluate 7 - 3 - (2 + 3).
-1
Evaluate (0 + -1 - -3) + -6 - -6.
2
4 - ((8 - 8) + 13)
-9
Calculate -6 - (6 + -10 + 1).
-3
What is -7 + -2 + (2 - -1)?
-6
Evaluate 0 + 0 + -21 + 19.
-2
(-2 - (9 + -3)) + (2 - 1)
-7
-7 + (17 - (-8 + 14))
4
What is (-12 - 1) + -75 + 82?
-6
What is -2 - (5 + 2 - 14)?
5
What is -2 + (2 - 1) + -2?
-3
Evaluate 5 + 1 - (-17 + 23).
0
Evaluate 7 + 4 + (1 + 7 - 13).
6
What is 18 - (17 + 6 + -12)?
7
What is the value of (1 - -4 - (-2 + 3)) + -2?
2
Calculate -5 + 2 + (-1 - (-5 + 6)).
-5
What is (-6 + 2 - -9) + (-2 - -5)?
8
What is -1 - (-9 - (-2 - 2))?
4
-2 + (4 - (-2 + 6))
-2
Calculate -10 - -3 - (7 - 4 - 10).
0
(-4 - 2) + (4 - (4 + -14))
8
Calculate 16 + (2 - 12) + 1 + -8.
-1
Evaluate 1 - ((1 - 1) + 1 - 3).
3
What is 3 + (0 - 3) + -5?
-5
Calculate 0 + 4 + -15 + 11.
0
Calculate -3 - -1 - (6 + (7 - 12)).
-3
Calculate (-17 - -22) + (-16 - (-1 - 1)).
-9
What is 4 + (6 - 4) + -1?
5
Calculate 2 + 14 + -11 - (5 - 1).
1
Evaluate -27 - -18 - (-7 + (6 - 4)).
-4
Evaluate -5 + 2 - ((-2 - -5) + -2).
-4
What is 5 - 10 - (-2 - -5)?
-8
-1 - -2 - (-6 - (-4 - 1))
2
Calculate 5 - 6 - -5 - (-1 - 0).
5
(-3 - -1) + 5 + -1
2
(6 - 8 - 6) + 4
-4
Evaluate -11 - (0 + 5 + (8 - 19)).
-5
-3 - (4 + -3 - 2)
-2
What is -4 + 1 + -3 + 10?
4
What is (-7 - -1 - (3 + -8)) + 5?
4
What is the value of -11 + 15 + -1 + -2?
1
4 + 1 + (0 - 8)
-3
Calculate 3 + -6 + -4 + 8.
1
What is -5 + (-4 - -12) - 0?
3
Calculate 4 + -8 - (-3 + 0).
-1
Calculate 0 + -5 + 7 + -2 + 1.
1
What is the value of -2 + (-3 - (-4 + 3))?
-4
Evaluate (-10 - -11) + -4 + 7.
4
(-8 + 5 - 1) + (1 - -3)
0
(6 - (-6 - (-6 - 11))) + 7
2
Evaluate (-3 - -6) + 3 + (-2 - 1).
3
Evaluate 3 - (6 - (-2 + 2 - 0)).
-3
(6 - 5) + (-3 - 0)
-2
What is -3 - ((-4 - -9) + (-3 - 1))?
-4
4 + 0 - (-13 + 17)
0
5 + -6 + (-2 - -8)
5
What is 11 + (-10 - -1) + -2 + -1?
-1
Evaluate 3 + -6 - 0 - 4.
-7
Calculate 4 - (14 + -7) - (2 + -13).
8
What is (-11 + -1 - -4) + 9?
1
Calculate 1 - -2 - (11 + (-9 - -3)).
-2
Evaluate (-2 - (2 - 0)) + 3 + -1.
-2
What is (3 - 7 - (6 - 10)) + -8?
-8
Evaluate (8 - 7) + (1 - 0).
2
What is -6 + (-1 - -6 - (-10 - -7))?
2
Evaluate (1 - (3 + 5)) + (17 - 7).
3
What is the value of -4 + (1 - -5) + -6?
-4
-8 - (-14 + 0) - (-1 - -3)
4
Evaluate 3 - (0 + 11) - (-6 + 2).
-4
What is the value of 12 - (-9 - -17) - 0?
4
What is (5 - 8) + 1 + 0?
-2
(-13 - -9) + -1 + 0 + 1
-4
What is (0 - 7) + (19 - 21)?
-9
-6 - (0 - (5 - (-4 - -4)))
-1
-2 - 2 - (4 + -12 - -7)
-3
Evaluate 9 + -11 - 4 - (-1 + -6).
1
What is (2 - 4) + -7 + 3?
-6
What is the value of -2 + ((0 - -4) + -6 - -3)?
-1
1 + 5 + 0 + -3 - 4
-1
What is the value of -6 + 2 - (-2 - 1)?
-1
6 - ((7 - 1) + 0)
0
(-10 - -10 - 2) + 1
-1
Calculate -7 - (-2 - -1) - -2.
-4
3 + -3 + -4 + 9
5
Calculate 2 + (-2 - -1 - (10 - 12)).
3
What is 2 - (-4 + (6 - 0) + -4)?
4
What is the value of 6 - 7 - (-7 - -7)?
-1
Evaluate (0 + -2 - -5) + 6 + -4.
5
Calculate 6 - 2 - (-10 - -7 - -8).
-1
Calculate -12 + -1 + 9 + 23 + -25.
-6
Evaluate -2 - (1 + 2) - (21 - 26).
0
What is -6 - ((-2 - (7 - 3)) + -1)?
1
What is the value of 1 - -2 - (4 + 1 + -5)?
3
What is 8 + -3 - 4 - 8?
-7
Evaluate 14 - 9 - (12 - 2 - 1).
-4
6 - ((-9 - -5) + 5) - 0
5
What is the value of -5 + 1 + 5 + 0 + -3?
-2
-7 + 2 + -4 + 9
0
Calculate 0 + (7 - 4) - (-1 + 9).
-5
(-8 - (1 + -5)) + 4 - 7
-7
Calculate -2 + 0 + 4 + -4 - -3.
1
Calculate 10 + -4 + (-11 - 2).
-7
-2 - -3 - (6 - 6)
1
(-5 - 0) + -75 + 78
-2
Evaluate -1 + 6 - (-4 + 3 + 2).
4
-2 + (-9 - -9) + (5 - 2)
1
What is (-2 - (0 - (-6 - -3))) + 3?
-2
Evaluate (-2 + -2 - (-31 - -20)) + -1.
6
(1 - 6) + 7 - (-6 - -12)
-4
Calculate -6 + -1 - (-13 - (-18 + 4)).
-8
Evaluate 16 - (13 + -6) - 3.
6
What is -2 + 2 + (-16 + 2 - -10)?
-4
What is (6 - 2) + -2 + 2?
4
Evaluate -25 + 21 - (-5 - -1).
0
What is the value of 55 + -56 + (0 - -1) + -1?
-1
Calculate (4 + 0 - 5) + -4.
-5
What is -8 - (2 - 5 - 2)?
-3
-6 - (-1 + 1 + -5) - 4
-5
What is the value of 1 + -14 + -5 + 10 - -3?
-5
Calculate 2 + (4 - (3 - 1)) + -4.
0
-5 + (-5 - -3) + 3 + 7
3
What is -3 - (0 - (2 + -2))?
-3
-9 + 3 + 5 - (-6 - 0)
5
What is the value of -2 + 6 + 3 - 7?
0
Evaluate 0 + -7 + (-4 - -13).
2
-3 + (4 - 3) + -2
-4
What is -3 - ((-9 - -4) + -1)?
3
Evaluate 1 + -3 + 2 + 0.
0
Calculate 3 + 0 - (17 - 11).
-3
(18 - 9) + -11 - 1
-3
What is the value of (14 - -2) + (-9 - -4) - 5?
6
Evaluate -3 + (10 - (3 + 1)) - 8.
-5
What is 6 - ((-6 - -8) + 8)?
-4
0 + 0 - (4 + -5 + 4)
-3
Evaluate 0 + 1 + 2 - (-112 - -112).
3
What is the value of (1 + 1 - 3) + 4?
3
What is 3 + 0 + 0 - (44 - 41)?
0
(4 - (1 - 2 - -5)) + -3
-3
Calculate 6 + (3 - 3) + -2.
4
2 - (-4 + (-4 - -7) + 3)
0
Calculate (4 - (0 + 4)) + -4.
-4
(-2 - (3 + 0)) + (-1 - -3)
-3
Calculate -2 - ((-3 - 1) + -6 + 12).
-4
What is the value of -6 + 20 - 4 - 10?
0
What is the value of (3 - 4) + -3 + (0 - -5)?
1
What is the value of 3 + 1 + 32 + -40?
-4
21 - 17 - (3 + -1)
2
Calculate -15 - (14 - 1 - 21).
-7
3 + 11 + -6 + -1 + -5
2
-2 - (4 - (4 + 0 + -1))
-3
Evaluate -2 + -3 + 3 + 0.
-2
Calculate -12 + -2 - (-53 - -47).
-8
Evaluate (19 - 4) + -7 + -4.
4
13 - (3 + (-9 + 10 - -4))
5
Calculate -4 + (-1 - (3 + -6 + 1)).
-3
What is the value of 0 - -1 - (39 + -47)?
9
What is (0 - -2) + -5 - -4?
1
Calculate (4 - 4 - 2) + -3 - -2.
-3
What is the value of (0 - (2 - -1)) + 14 + -15?
-4
Calculate -10 + 3 + 17 + -13.
-3
What is -4 - (3 + -1 - (-5 + 4))?
-7
What is (-4 - 0) + (4 + 11 - 15)?
-4
-1 + 0 - (-5 - (0 + -6))
-2
4 - (-4 - (4 + -10))
2
What is the value of -2 + 2 + -1 - (-13 + 10)?
2
Evaluate (-2 - -3 - 2) + -1 + 7.
5
What is -20 + 16 + -1 + 3 - 0?
-2
What is -13 + 17 - (-1 + (3 - 0))?
2
What is -4 + 2 + -2 + 5 + 4?
5
What is the value of 0 - (-4 + 6) - -5?
3
What is 6 - ((7 - 4) + 0)?
3
Calculate (2 - 5 - 1) + 2.
-2
What is the value of -3 + -10 + 4 - (-1 + -2)?
-6
4 - (4 + -4 - -5)
-1
What is (-4 - (0 + -1)) + 3 + 1?
1
What is the value of (18 - 8 - 6) + -7?
-3
Evaluate -15 + 1 + (-49 - -59).
-4
What is 4 + (-9 - -5) + (2 - 1)?
1
Calculate -5 - (0 + -2 - (11 + -11)).
-3
What is (1 - (2 - 11)) + -4 + -10?
-4
Calculate -1 - -9 - (-14 - (-26 + 8)).
4
What is (14 - 9) + -1 - 4?
0
What is -5 - (-6 + 0) - 7 - 1?
-7
What is -7 - (-4 - -1) - (-2 - 1)?
-1
Calculate -66 + 72 + (-1 - 0 - 0).
5
Evaluate (4 + -1 + -6 - -5) + -2.
0
Evaluate -9 + -4 + 9 + 2 + -3.
-5
Evaluate 3 - -3 - (27 + -15).
-6
What is the value of 2 - (-1 - (-3 - -1)) - -4?
5
What is the value of 2 - (-3 - -1) - 0?
4
What is the value of (3 - (1 + (-2 - 4))) + -14?
-6
Evaluate 4 - (-6 - (-15 - -1)).
-4
Evaluate 15 + -8 - (12 - 1).
-4
Calculate 6 + -2 + -1 - (1 + -2).
4
What is (18 - 22) + 0 + 9?
5
(3 - 5) + (-3 - -4) + 2
1
